en a is divided by 16.
13
Let z(k) = -11*k + 38. Calculate the remainder when z(-10) is divided by 15.
13
Let l = -56 + 43. Let a = 127 + l. Calculate the remainder when a is divided by 29.
27
Suppose -2*q + 26 = -18. Let z be ((-8)/(-7))/(22/77). Let u(g) = 17*g - 26. Calculate the remainder when u(z) is divided by q.
20
Suppose 0 = -2*i - 12*i + 700. Calculate the remainder when i is divided by 23.
4
What is the remainder when 42 is divided by 9 - ((-35)/7 + 1)?
3
Suppose 4*k - 36 + 12 = 0, 3*k - 3 = 3*b. Suppose g + 3*f = 5*g - 40, -2*g - 3*f + 2 = 0. Calculate the remainder when g is divided by b.
2
Let j(y) = y**3 + 13*y**2 - 2*y - 2. Let z be j(-13). Let b = z - -43. Calculate the remainder when b is divided by 23.
21
Let g(p) = -p**3 + 4*p**2 + p + 4. Let b be g(4). Suppose -s - 20 = -b*o + 3*o, -4*s + 30 = 2*o. Calculate the remainder when 7 is divided by s.
2
Let m be (-6)/(-18) + -2 + 28/6. Suppose -v + 3*v + 18 = 2*s, 57 = 4*s + m*v. What is the remainder when 23 is divided by s?
11
Suppose v = -v + 4*j + 62, -3*v - 4*j = -103. Let o = 68 - v. Let n = 23 + -14. Calculate the remainder when o is divided by n.
8
Let i(w) = 3*w**2 + 65*w - 7. Calculate the remainder when i(-24) is divided by 42.
35
Let s(q) = 3*q**2 + 18*q + 7. Let w be 0/(-2) + (1*-28)/4. Calculate the remainder when 55 is divided by s(w).
27
Suppose 0 = 245*w - 249*w + 132. Suppose 5*m = 35 + 10. Calculate the remainder when w is divided by m.
6
Suppose -2*h - 3*a = -32, 3*h + 4*a - 49 = -a. Suppose -o = -h + 2. Let n(d) = -d**3 - 8*d**2 - 2*d + 3. What is the remainder when n(-8) is divided by o?
8
Let b(y) = 3*y + 12. Let a(m) = -11*m + 37. Calculate the remainder when a(-3) is divided by b(6).
10
Let v(p) = -p**2 - 12*p + 20. Let x be v(-10). Let b = x - 13. Suppose -2*z + 5 = -2*d + b, 2*d + 3*z = 2. Calculate the remainder when 34 is divided by d.
6
Let t = 856 - 803. What is the remainder when t is divided by 5?
3
Let w(t) = t**2 - 2*t - 6. Suppose 0 = 2*x + 3 - 15. Suppose 3*g = 4*g - 34. What is the remainder when g is divided by w(x)?
16
Suppose 0 = -j - j. Let g be 3 + -1 + 2 - j. What is the remainder when g*1/2*1 is divided by 2?
0
Suppose -877*o - 107 = -878*o. Calculate the remainder when o is divided by 18.
17
Suppose -4*g - 6*d + d = -25, -5*g + 4*d = -21. Calculate the remainder when 33 is divided by g.
3
Let q = -50 + 45. What is the remainder when (q/3)/((-25)/30) is divided by (0 + -1)*(0 + -2)?
0
Let g(w) = w**3 + 2*w**2 - w - 3. Suppose -2*d - 5 + 11 = 0. Calculate the remainder when 115 is divided by g(d).
37
Let m(o) = -o**2 + 78*o - 480. Calculate the remainder when m(67) is divided by 50.
7
Suppose 19*c - 39*c = -2860. Calculate the remainder when c is divided by 24.
23
Suppose k - 18 = 80. What is the remainder when k is divided by 57?
41
Suppose -56 = -8*a - 0*a. Suppose 0 = -a*v + 67 + 87. What is the remainder when v is divided by 6?
4
Suppose 11*i = -i - 36. Let s(u) = -4*u**3 + 4*u**2 + 4*u + 3. Calculate the remainder when s(i) is divided by 34.
33
Calculate the remainder when 827 is divided by 1*-2 + 168 + -62.
99
Suppose -3*v = -4*v + 5. Let w(z) = 4 - 9 - z**2 + 2*z**2 - 2. What is the remainder when w(-5) is divided by v?
3
Suppose 4*b = -4*q + 316, 0 = -2*q - 2. Let p = 70 + -13. Calculate the remainder when p is divided by 8/2 + b/5.
17
Let y = -37 - -114. Let i = -44 + y. Let n(u) = -9*u. What is the remainder when i is divided by n(-1)?
6
Let y be (-1185)/10 - (1 + (-3)/2). Let q = y + 124. Calculate the remainder when q is divided by 3.
0
Suppose 2*x - 244 = 3*g - 22, 0 = -4*g. What is the remainder when x is divided by 8?
7
Let h(w) = -w**3 - 16*w**2 + 16*w - 15. Let d be h(-17). Suppose 0 + 76 = i - 3*t, d*t = 4*i - 344. Calculate the remainder when i is divided by 9.
7
Suppose 0 = -5*n + 954 + 476. Calculate the remainder when n is divided by 73.
67
Suppose 14*f - 12208 - 8148 = 0. What is the remainder when f is divided by 112?
110
Suppose -6*y = -y - 10. Suppose -5*g = y*v - 225, -2*g + 5*v = -5 - 114. Calculate the remainder when g is divided by 16.
15
Let d(p) = -2*p + 103. What is the remainder when d(7) is divided by 39?
11
What is the remainder when (-610 + 0)*(-6)/12 - 3 is divided by 19?
17
Suppose 141 = 5*f + 5*g + 116, 4*f - 14 = -g. What is the remainder when 488 is divided by f?
2
Let x = -233 - -308. What is the remainder when x is divided by 26?
23
Suppose -3*r + 5*r = 32. Suppose -12*m + 353 = -379. Calculate the remainder when m is divided by r.
13
Let g(k) = -k + 56. Let f(m) = -m - 10. Let u be f(-5). What is the remainder when (14 + u)/(1/11) is divided by g(31)?
24
Let b = -1 + 3. Suppose -3*n = b*n. Suppose -2*h - 55 = -3*p - n*h, -p - 2*h = -21. What is the remainder when p is divided by 7?
5
Let o be 2842/4 - -2*2/(-8). Suppose 3*r - 710 = -5*k - 2*r, -5*k + 2*r = -o. Calculate the remainder when k is divided by 13.
12
Let f be (2/(-6))/((-3)/1611). Suppose -3*t + f = 5*l - 140, -l - 2*t = -68. Calculate the remainder when l is divided by 2 + -2 + 3 - -13.
14
Suppose -28 = i - 48. Suppose 0 = -4*x + 8 + i. Calculate the remainder when x is divided by 3.
1
Let g(x) = -379*x - 132. What is the remainder when g(-4) is divided by 19?
16
Suppose a - 594 = -5*a. Calculate the remainder when a is divided by 35.
29
Let h(a) = a**2 + a - 63. What is the remainder when 334 is divided by h(10)?
5
Let c be 45*(2 - (-16)/(-12)). Suppose m - 29 = -3*d - 11, -2*m - 4*d + c = 0. Let a = -2 - -5. What is the remainder when m is divided by a?
0
Let c(l) = l**3 + 20*l**2 - 48*l - 64. What is the remainder when 187 is divided by c(-22)?
19
Calculate the remainder when (-4 - (-4 + 2))/(2/(-72)) is divided by 35.
2
Let f = 6 + -1. Suppose -f*r + q + 65 + 4 = 0, 4*q + 38 = 3*r. Let t = r - -59. Calculate the remainder when t is divided by 19.
16
Calculate the remainder when 158 is divided by (-456)/(-14) + 180/(-315).
30
Suppose 5*w + 3*m = 44, 3*w - 11*m - 28 = -12*m. What is the remainder when 109 is divided by w?
9
Let i(r) be the third derivative of 0 + 1/6*r**3 + 0*r + 0*r**4 + 3*r**2 - 7/60*r**6 - 1/60*r**5. Calculate the remainder when i(-2) is divided by 28.
25
Let k = -536 - -625. Let z(t) = -5*t - 2. Calculate the remainder when k is divided by z(-4).
17
Let u(l) = 11*l**2 - 159*l - 12. Calculate the remainder when 216 is divided by u(15).
60
Let h(x) = -x**2 - 32*x + 65. Calculate the remainder when h(-17) is divided by 39.
8
Let l be ((-1)/2)/((-1)/6). Let w = 1 + 2. Suppose l*u - 48 = 2*v + 89, 0 = -5*u + w*v + 227. What is the remainder when u is divided by 11?
10
Let y(j) = -21*j + 4. Let p(v) = v**2 + 5*v + 2. Let k be p(-4). Calculate the remainder when y(k) is divided by 312/20 + 2/5.
14
Suppose z = 3*z - 8. Suppose w + 6 = -4*v - w, -w - 3 = z*v. Suppose v = 3*b - 9 - 12. Calculate the remainder when 34 is divided by b.
6
Let d be 1*4*(-5)/(-4). Let t(w) = 3*w**2 - 5*w + 3. What is the remainder when t(d) is divided by 18?
17
Suppose -3*n + 6*n - 6 = 3*t, -5*t - 4 = -2*n. Suppose t = 3*q + 2*q - 75. Let h(u) = -3*u + 3. What is the remainder when q is divided by h(-2)?
6
Let l(j) = -4*j - 6*j + 4*j - 8 + 2*j. Let y be (1/(-1) - 0)*6. Calculate the remainder when l(y) is divided by 10.
6
Suppose 39*c - 24*c = 630. What is the remainder when 141 is divided by c?
15
Let y(w) = -20*w - 6. Suppose 0 = 2*i + 1180 - 1256. Calculate the remainder when y(-4) is divided by i.
36
Let y(j) = -j + 1. Let r(a) = -3*a. Let b(q) = -r(q) + 4*y(q). Calculate the remainder when 340/16 + -5 + (-1)/4 is divided by b(-5).
7
Let w = -57 + 41. Calculate the remainder when (-1 - (-1 - 24)) + (w - -19) is divided by 10.
7
Suppose -r + 4*j = 3*r - 100, -34 = -r + 4*j. What is the remainder when 305 is divided by r?
19
Suppose 964 = 10*b - 1156. What is the remainder when b is divided by 3?
2
Let z = -14 - -48. Let v(o) = o**3 + 7*o**2 - 31*o + 8. Calculate the remainder when z is divided by v(-10).
16
Let k(j) = 2*j**3 - 6*j**2 + 2*j + 4. Let g be (4/10)/((-7)/420*-6). What is the remainder when k(g) is divided by 15?
14
Let n be (-6)/(-15) + 111/(-15). Let m(l) = l**2 + 6*l - 4. Let f be m(n). Suppose 0 = -f*c + 7*c - 532. What is the remainder when c is divided by 34?
31
Let o(p) = 5*p + 2. Let l be o(2). Suppose c + l = t